{"id":5209,"date":"2014-04-15T18:37:15","date_gmt":"2014-04-15T16:37:15","guid":{"rendered":"https:\/\/prototo.pl.libenter.one\/?page_id=5209"},"modified":"2020-03-11T21:12:09","modified_gmt":"2020-03-11T20:12:09","slug":"strefa-dla-uczestnikow","status":"publish","type":"page","link":"https:\/\/prototo.pl\/?page_id=5209","title":{"rendered":"Dost\u0119pne kursy"},"content":{"rendered":"<p>[fusion_builder_container hundred_percent=&#8221;no&#8221; equal_height_columns=&#8221;no&#8221; menu_anchor=&#8221;&#8221; hide_on_mobile=&#8221;small-visibility,medium-visibility,large-visibility&#8221; class=&#8221;&#8221; id=&#8221;&#8221; background_color=&#8221;&#8221; background_image=&#8221;&#8221; background_position=&#8221;center center&#8221; background_repeat=&#8221;no-repeat&#8221; fade=&#8221;no&#8221; background_parallax=&#8221;none&#8221; parallax_speed=&#8221;0.3&#8243; video_mp4=&#8221;&#8221; video_webm=&#8221;&#8221; video_ogv=&#8221;&#8221; video_url=&#8221;&#8221; video_aspect_ratio=&#8221;16:9&#8243; video_loop=&#8221;yes&#8221; video_mute=&#8221;yes&#8221; overlay_color=&#8221;&#8221; video_preview_image=&#8221;&#8221; border_size=&#8221;&#8221; border_color=&#8221;&#8221; border_style=&#8221;solid&#8221; padding_top=&#8221;&#8221; padding_bottom=&#8221;&#8221; padding_left=&#8221;&#8221; padding_right=&#8221;&#8221;][fusion_builder_row][fusion_builder_column type=&#8221;1_1&#8243; layout=&#8221;1_1&#8243; background_position=&#8221;left top&#8221; background_color=&#8221;&#8221; border_size=&#8221;&#8221; border_color=&#8221;&#8221; border_style=&#8221;solid&#8221; border_position=&#8221;all&#8221; spacing=&#8221;yes&#8221; background_image=&#8221;&#8221; background_repeat=&#8221;no-repeat&#8221; padding_top=&#8221;&#8221; padding_right=&#8221;&#8221; padding_bottom=&#8221;&#8221; padding_left=&#8221;&#8221; margin_top=&#8221;0px&#8221; margin_bottom=&#8221;0px&#8221; class=&#8221;&#8221; id=&#8221;&#8221; animation_type=&#8221;&#8221; animation_speed=&#8221;0.3&#8243; animation_direction=&#8221;left&#8221; hide_on_mobile=&#8221;small-visibility,medium-visibility,large-visibility&#8221; center_content=&#8221;no&#8221; last=&#8221;no&#8221; min_height=&#8221;&#8221; hover_type=&#8221;none&#8221; link=&#8221;&#8221;][fusion_text columns=&#8221;&#8221; column_min_width=&#8221;&#8221; column_spacing=&#8221;&#8221; rule_style=&#8221;default&#8221; rule_size=&#8221;&#8221; rule_color=&#8221;&#8221; hide_on_mobile=&#8221;small-visibility,medium-visibility,large-visibility&#8221; class=&#8221;&#8221; id=&#8221;&#8221; animation_type=&#8221;&#8221; animation_direction=&#8221;left&#8221; animation_speed=&#8221;0.3&#8243; animation_offset=&#8221;&#8221;]<\/p>\n<h3><span style=\"color: #ff9900;\"><strong>WOBEC OS\u00d3B, KT\u00d3RE OPUBLIKOWA\u0141Y MATERIA\u0141Y\u00a0O\u015aRODKA PROTOTO\u00a0I Z\u0141AMA\u0141Y PRAWO AUTORSKIE B\u0118D\u0104 WYCI\u0104GANE KONSEKWENCJE PRAWNO-S\u0104DOWE<\/strong><\/span><\/h3>\n<p>Jeste\u015b zalogowany! Wybierz sw\u00f3j kurs:<\/p>\n<ul>\n<li><a href=\"prototo.pl\/materialy_oligo\/\">Kurs &#8211; Oligofrenopedagogika<\/a><\/li>\n<li><a href=\"prototo.pl\/kurs_pedagog\/\">Kurs &#8211; Pedagogiczny<\/a><\/li>\n<li><a href=\"prototo.pl\/kurs_surdo\/\">Kurs &#8211; Surdopedagogika<\/a><\/li>\n<li><a href=\"prototo.pl\/kurs_sztuka\/\">Kurs &#8211; Sztuka<\/a><\/li>\n<li><a href=\"prototo.pl\/kurs_terapia\/\">Kurs &#8211; Terapia pedagogiczna<\/a><\/li>\n<li><a href=\"prototo.pl\/kurs_tyflo\/\">Kurs &#8211; Tyflopedagogika<\/a><\/li>\n<li><a href=\"prototo.pl\/kurs_wdzr\/\">Kurs &#8211; Wychowanie do \u017cycia w rodzinie<\/a><\/li>\n<li><a href=\"prototo.pl\/materialy-do-kursu-zarzadzania-new\/\">Kurs &#8211; Zarz\u0105dzanie<\/a><\/li>\n<li><a href=\"prototo.pl\/kurs_przyroda\/\">Kurs &#8211; Przyroda<\/a><\/li>\n<li><a href=\"prototo.pl\/kurs-bibliotekoznawstwa\/\">Kurs &#8211; Bibliotekoznawstwo<\/a><\/li>\n<li><a href=\"prototo.pl\/spektrum-autyzmu-diagnoza-terapia-edukacja\/\">Kurs &#8211; Autyzm<\/a><\/li>\n<li><a href=\"prototo.pl\/kurs-opiek-wych\/\">Kurs &#8211; Pedagogika opieku\u0144czo-wychowawcza<\/a><\/li>\n<li><a title=\"technika studia podyp\" href=\"prototo.pl\/materialy-studia-podyplomowe-technika\/\">Studia podyplomowe &#8211; Technika<\/a><\/li>\n<li><a href=\"prototo.pl\/materialy-do-kursu-zarzadzania-new\/\">Kurs zarz\u0105dzania &#8211; materia\u0142y<\/a><\/li>\n<li><a href=\"prototo.pl\/kurs-zeglarza-i-motorowodniaka\/\">Kurs na patent \u017ceglarza i motorowodniaka<\/a><\/li>\n<\/ul>\n<p>[\/fusion_text][\/fusion_builder_column][\/fusion_builder_row][\/fusion_builder_container]<\/p>\n","protected":false},"excerpt":{"rendered":"<p>[fusion_builder_container hundred_percent=&#8221;no&#8221; equal_height_columns=&#8221;no&#8221; menu_anchor=&#8221;&#8221; hide_on_mobile=&#8221;small-visibility,medium-visibility,large-visibility&#8221; class=&#8221;&#8221; id=&#8221;&#8221; background_color=&#8221;&#8221; background_image=&#8221;&#8221; background_position=&#8221;center center&#8221; background_repeat=&#8221;no-repeat&#8221; fade=&#8221;no&#8221; background_parallax=&#8221;none&#8221; parallax_speed=&#8221;0.3&#8243; video_mp4=&#8221;&#8221; video_webm=&#8221;&#8221; video_ogv=&#8221;&#8221; video_url=&#8221;&#8221; video_aspect_ratio=&#8221;16:9&#8243; video_loop=&#8221;yes&#8221; video_mute=&#8221;yes&#8221; overlay_color=&#8221;&#8221; video_preview_image=&#8221;&#8221; border_size=&#8221;&#8221; border_color=&#8221;&#8221; border_style=&#8221;solid&#8221; padding_top=&#8221;&#8221; padding_bottom=&#8221;&#8221; padding_left=&#8221;&#8221; padding_right=&#8221;&#8221;][fusion_builder_row][fusion_builder_column type=&#8221;1_1&#8243; layout=&#8221;1_1&#8243; background_position=&#8221;left top&#8221; background_color=&#8221;&#8221; border_size=&#8221;&#8221; border_color=&#8221;&#8221; border_style=&#8221;solid&#8221; border_position=&#8221;all&#8221; spacing=&#8221;yes&#8221; background_image=&#8221;&#8221; background_repeat=&#8221;no-repeat&#8221; padding_top=&#8221;&#8221; padding_right=&#8221;&#8221; padding_bottom=&#8221;&#8221; padding_left=&#8221;&#8221; margin_top=&#8221;0px&#8221; margin_bottom=&#8221;0px&#8221; class=&#8221;&#8221; id=&#8221;&#8221; animation_type=&#8221;&#8221; animation_speed=&#8221;0.3&#8243; animation_direction=&#8221;left&#8221; hide_on_mobile=&#8221;small-visibility,medium-visibility,large-visibility&#8221; [&hellip;]<\/p>\n","protected":false},"author":24,"featured_media":0,"parent":0,"menu_order":0,"comment_status":"closed","ping_status":"closed","template":"","meta":{"footnotes":""},"class_list":["post-5209","page","type-page","status-publish","hentry"],"aioseo_notices":[],"_links":{"self":[{"href":"https:\/\/prototo.pl\/index.php?rest_route=\/wp\/v2\/pages\/5209","targetHints":{"allow":["GET"]}}],"collection":[{"href":"https:\/\/prototo.pl\/index.php?rest_route=\/wp\/v2\/pages"}],"about":[{"href":"https:\/\/prototo.pl\/index.php?rest_route=\/wp\/v2\/types\/page"}],"author":[{"embeddable":true,"href":"https:\/\/prototo.pl\/index.php?rest_route=\/wp\/v2\/users\/24"}],"replies":[{"embeddable":true,"href":"https:\/\/prototo.pl\/index.php?rest_route=%2Fwp%2Fv2%2Fcomments&post=5209"}],"version-history":[{"count":3,"href":"https:\/\/prototo.pl\/index.php?rest_route=\/wp\/v2\/pages\/5209\/revisions"}],"predecessor-version":[{"id":12455,"href":"https:\/\/prototo.pl\/index.php?rest_route=\/wp\/v2\/pages\/5209\/revisions\/12455"}],"wp:attachment":[{"href":"https:\/\/prototo.pl\/index.php?rest_route=%2Fwp%2Fv2%2Fmedia&parent=5209"}],"curies":[{"name":"wp","href":"https:\/\/api.w.org\/{rel}","templated":true}]}}