{"id":3743,"date":"2012-12-14T22:48:07","date_gmt":"2012-12-14T21:48:07","guid":{"rendered":"https:\/\/prototo.pl.libenter.one\/"},"modified":"2020-03-12T17:51:11","modified_gmt":"2020-03-12T16:51:11","slug":"kurs_wdzr","status":"publish","type":"page","link":"https:\/\/prototo.pl\/?page_id=3743","title":{"rendered":"Kurs &#8211; Wychowanie do \u017cycia w rodzinie"},"content":{"rendered":"<p>[fusion_builder_container hundred_percent=&#8221;no&#8221; equal_height_columns=&#8221;no&#8221; menu_anchor=&#8221;&#8221; hide_on_mobile=&#8221;small-visibility,medium-visibility,large-visibility&#8221; class=&#8221;&#8221; id=&#8221;&#8221; background_color=&#8221;&#8221; background_image=&#8221;&#8221; background_position=&#8221;center center&#8221; background_repeat=&#8221;no-repeat&#8221; fade=&#8221;no&#8221; background_parallax=&#8221;none&#8221; parallax_speed=&#8221;0.3&#8243; video_mp4=&#8221;&#8221; video_webm=&#8221;&#8221; video_ogv=&#8221;&#8221; video_url=&#8221;&#8221; video_aspect_ratio=&#8221;16:9&#8243; video_loop=&#8221;yes&#8221; video_mute=&#8221;yes&#8221; overlay_color=&#8221;&#8221; video_preview_image=&#8221;&#8221; border_size=&#8221;&#8221; border_color=&#8221;&#8221; border_style=&#8221;solid&#8221; padding_top=&#8221;&#8221; padding_bottom=&#8221;&#8221; padding_left=&#8221;&#8221; padding_right=&#8221;&#8221;][fusion_builder_row][fusion_builder_column type=&#8221;1_1&#8243; layout=&#8221;1_1&#8243; background_position=&#8221;left top&#8221; background_color=&#8221;&#8221; border_size=&#8221;&#8221; border_color=&#8221;&#8221; border_style=&#8221;solid&#8221; border_position=&#8221;all&#8221; spacing=&#8221;yes&#8221; background_image=&#8221;&#8221; background_repeat=&#8221;no-repeat&#8221; padding_top=&#8221;&#8221; padding_right=&#8221;&#8221; padding_bottom=&#8221;&#8221; padding_left=&#8221;&#8221; margin_top=&#8221;0px&#8221; margin_bottom=&#8221;0px&#8221; class=&#8221;&#8221; id=&#8221;&#8221; animation_type=&#8221;&#8221; animation_speed=&#8221;0.3&#8243; animation_direction=&#8221;left&#8221; hide_on_mobile=&#8221;small-visibility,medium-visibility,large-visibility&#8221; center_content=&#8221;no&#8221; last=&#8221;no&#8221; min_height=&#8221;&#8221; hover_type=&#8221;none&#8221; link=&#8221;&#8221;][fusion_text columns=&#8221;&#8221; column_min_width=&#8221;&#8221; column_spacing=&#8221;&#8221; rule_style=&#8221;default&#8221; rule_size=&#8221;&#8221; rule_color=&#8221;&#8221; hide_on_mobile=&#8221;small-visibility,medium-visibility,large-visibility&#8221; class=&#8221;&#8221; id=&#8221;&#8221; animation_type=&#8221;&#8221; animation_direction=&#8221;left&#8221; animation_speed=&#8221;0.3&#8243; animation_offset=&#8221;&#8221;]<\/p>\n<p>Szanowni Pa\u0144stwo!<\/p>\n<p>Witamy na stronie przeznaczonej dla uczestnik\u00f3w Kursu kwalifikacyjnego z zakresu zaj\u0119\u0107 edukacyjnych &#8222;Wychowanie do \u017cycia w rodzinie&#8221;. Z tej strony mo\u017cna pobiera\u0107 materia\u0142y realizowane podczas zaj\u0119\u0107. Ponadto znajdziecie tu Pa\u0144stwo dokumenty przekazywane uczestnikom kursu.<\/p>\n<p><span style=\"color: #ff9900;\"><strong><em>Uwaga! Wszystkie materia\u0142y tworzone i przekazywane przez Wyk\u0142adowc\u00f3w NPDN PROTOTO s\u0105 chronione prawem autorskim i przeznaczone wy\u0142\u0105cznie do u\u017cytku prywatnego.<\/em><\/strong><\/span><\/p>\n<div>\n<div><\/div>\n<\/div>\n<h3><strong>MATERIA\u0141Y Z ZAJ\u0118\u0106<\/strong><\/h3>\n<p>Uwaga! Wyk\u0142adowcy przekazuj\u0105 materia\u0142y dobrowolnie.<\/p>\n<h3><strong>METODYKA<\/strong><\/h3>\n<ul>\n<li><a href=\"prototo.pl\/wp-content\/uploads\/2012\/12\/Konspekt_schemat.doc\">Konspekt_schemat<\/a><\/li>\n<li><a href=\"prototo.pl\/wp-content\/uploads\/2012\/12\/kwalifikacje.pdf\">Kwalifikacje<\/a><\/li>\n<li><a href=\"prototo.pl\/wp-content\/uploads\/2012\/12\/Akademia-Zarz\u0105dzania-_artyku\u0142-Dyrektor_Szko\u0142y.pdf\">Akademia Zarz\u0105dzania -_artyku\u0142 Dyrektor_Szko\u0142y<\/a><\/li>\n<li><a href=\"prototo.pl\/wp-content\/uploads\/2012\/12\/Awantura-o-talenty-artyku\u0142-Dyrektor-Szko\u0142y.pdf\">Awantura o talenty &#8211; artyku\u0142 Dyrektor Szko\u0142y<\/a><\/li>\n<li><a href=\"prototo.pl\/wp-content\/uploads\/2012\/12\/indywidualne-strategie-uczenia-sie.pdf\">Indywidualne strategie uczenia sie<\/a><\/li>\n<li><a href=\"prototo.pl\/wp-content\/uploads\/2012\/12\/Instrukcja-obs\u0142ugi-ucznia-_artyku\u0142-Dyrektor_Szko\u0142y.pdf\">Instrukcja obs\u0142ugi ucznia -_artyku\u0142 Dyrektor_Szko\u0142y<\/a><\/li>\n<li><a href=\"prototo.pl\/wp-content\/uploads\/2012\/12\/Piramidy-percepcji.pdf\">Piramidy percepcji<\/a><\/li>\n<li><a href=\"prototo.pl\/wp-content\/uploads\/2012\/12\/Pokolenie-Y-artyku\u0142-Jana-Fazlagic.pdf\">Pokolenie Y artyku\u0142 Jana Fazlagic<\/a><\/li>\n<li><a href=\"prototo.pl\/wp-content\/uploads\/2012\/12\/Pokolenie-Y-artyku\u0142-Macieja-St\u0119pniaka.pdf\">Pokolenie Y artyku\u0142 Macieja St\u0119pniaka<\/a><\/li>\n<li><a href=\"prototo.pl\/wp-content\/uploads\/2012\/12\/Pokolenie-Y-w-szkole-artyku\u0142-O\u015bwiata-Mazowiecka.pdf\">Pokolenie Y w szkole &#8211; artyku\u0142 O\u015bwiata Mazowiecka<\/a><\/li>\n<li><a href=\"prototo.pl\/wp-content\/uploads\/2012\/12\/dysfunkcje_rodziny_wdz.edu_.pl_.pdf\">Dysfunkcje_rodziny_[wdz.edu.pl]<\/a><\/li>\n<li><a href=\"http:\/\/www.tvp.pl\/religia\/programy-katolickie\/my-wy-oni\/wideo\/10112011-1055\/5510275\" target=\"_blank\" rel=\"noopener noreferrer\">http:\/\/www.tvp.pl\/religia\/programy-katolickie\/my-wy-oni\/wideo\/10112011-1055\/5510275<\/a><\/li>\n<li><a href=\"http:\/\/www.tvp.pl\/religia\/programy-katolickie\/my-wy-oni\/wideo\/08122011-1055\/5691874\" target=\"_blank\" rel=\"noopener noreferrer\">http:\/\/www.tvp.pl\/religia\/programy-katolickie\/my-wy-oni\/wideo\/08122011-1055\/5691874<\/a><\/li>\n<li><a href=\"http:\/\/xn--wd-xva.pl\/\" target=\"_blank\" rel=\"noopener noreferrer\">http:\/\/wd\u017c.pl\/<\/a><\/li>\n<li><a href=\"http:\/\/www.ksiegarniarubikon.pl\/s\/materialy_do_pobrania\/\" target=\"_blank\" rel=\"noopener noreferrer\">http:\/\/www.ksiegarniarubikon.pl\/s\/materialy_do_pobrania\/<\/a><\/li>\n<li><a href=\"http:\/\/nauczyciel.wsipnet.pl\/kluby\/wdz.html?k=1183\" target=\"_blank\" rel=\"noopener noreferrer\">http:\/\/nauczyciel.wsipnet.pl\/kluby\/wdz.html?k=1183<\/a><\/li>\n<li><a href=\"http:\/\/www.wdz.edu.pl\/index.php\" target=\"_blank\" rel=\"noopener noreferrer\">http:\/\/www.wdz.edu.pl\/index.php<\/a><\/li>\n<li><a href=\"prototo.pl\/wp-content\/uploads\/2012\/12\/wd\u0139z.1a.pdf\">Relacje z rodzin\u0105 1a<\/a><\/li>\n<li><a href=\"prototo.pl\/wp-content\/uploads\/2012\/12\/wdz.1b1.pdf\">Relacje z rodzin\u0105 1b<\/a><\/li>\n<li><a href=\"prototo.pl\/wp-content\/uploads\/2012\/12\/WD\u017b1.pdf\">WD\u017b1<\/a><\/li>\n<li><a href=\"prototo.pl\/wp-content\/uploads\/2012\/12\/wd\u0139z.2.pdf\">WD\u017b.2<\/a><\/li>\n<li><a href=\"prototo.pl\/wp-content\/uploads\/2012\/12\/wd\u0139z.3.pdf\">WD\u017b.3<\/a><\/li>\n<li><a href=\"prototo.pl\/wp-content\/uploads\/2012\/12\/wd\u0139z.4.pdf\">WD\u017b.4<\/a><\/li>\n<li><a href=\"prototo.pl\/wp-content\/uploads\/2012\/12\/wd\u0139z.5.pdf\">WD\u017b.5<\/a><\/li>\n<\/ul>\n<h3><strong>ZAGADNIENIA SEKSUOLOGICZNE<\/strong><\/h3>\n<ul>\n<li style=\"text-align: left;\"><a href=\"prototo.pl\/wp-content\/uploads\/2012\/12\/uzale\u017cnienia-a-zach.seksualne1.pptx\">Uzale\u017cnienia a zach.seksualne<\/a><\/li>\n<li style=\"text-align: left;\"><a href=\"prototo.pl\/wp-content\/uploads\/2012\/12\/zagadnienia-seksuologiczne.egz_.1.doc\">Zagadnienia seksuologiczne.egz.<\/a><\/li>\n<li><a href=\"prototo.pl\/wp-content\/uploads\/2012\/12\/Seksualni-od-male\u0144ko\u015bci.doc\">Seksualni od male\u0144ko\u015bci<\/a><\/li>\n<li><a href=\"prototo.pl\/wp-content\/uploads\/2012\/12\/dzia\u0142ania-pedagogiczne-w-kierunku-profilaktyki-AIDS.pdf\">Dzia\u0142ania pedagogiczne w kierunku profilaktyki AIDS<\/a><\/li>\n<li><a href=\"prototo.pl\/wp-content\/uploads\/2012\/12\/Izdebska-Konsekwencje-przemocy-seksualnej-wobec-dzieci.pdf\">Izdebska Konsekwencje przemocy seksualnej wobec dzieci<\/a><\/li>\n<li><a href=\"prototo.pl\/wp-content\/uploads\/2012\/12\/fizjolog.rozwoj-psychoseksualny-dzieci-i-mlodziezy.pdf\">Fizjolog.rozwoj psychoseksualny dzieci i mlodziezy<\/a><\/li>\n<li><a href=\"prototo.pl\/wp-content\/uploads\/2012\/12\/norma-a-zachowania-seksualne.ppt\">Norma a zachowania seksualne<\/a><\/li>\n<li><a href=\"prototo.pl\/wp-content\/uploads\/2012\/12\/prostytucja-nieletnich.raport-z-bada\u0144.doc\">Prostytucja nieletnich.raport z bada\u0144<\/a><\/li>\n<li><a href=\"prototo.pl\/wp-content\/uploads\/2012\/12\/przemoc-seksualna.ppt\">Przemoc seksualna<\/a><\/li>\n<li><a href=\"prototo.pl\/wp-content\/uploads\/2012\/12\/psycholog.funkcjonowanie-kobiet-prostytuuj\u0105cych-si\u0119.pdf\">Psycholog.funkcjonowanie kobiet prostytuuj\u0105cych si\u0119<\/a><\/li>\n<li><a href=\"prototo.pl\/wp-content\/uploads\/2012\/12\/Rozwojowa-norma-seksuologiczna.pdf\">Rozwojowa norma seksuologiczna<\/a><\/li>\n<li><a href=\"prototo.pl\/wp-content\/uploads\/2012\/12\/ryzykowne-zach.seksualne-kobiet.pdf\">Ryzykowne zach.seksualne kobiet<\/a><\/li>\n<li><a href=\"prototo.pl\/wp-content\/uploads\/2012\/12\/seksbomba.skazani-na-pandemi\u0119-AIDS.doc\">Seksbomba.skazani na pandemi\u0119 AIDS<\/a><\/li>\n<li><a href=\"prototo.pl\/wp-content\/uploads\/2012\/12\/seksualno\u015b\u0107-a-HIV-AIDS.ppt\">Seksualno\u015b\u0107 a HIV AIDS<\/a><\/li>\n<li><a href=\"prototo.pl\/wp-content\/uploads\/2012\/12\/seksualno\u015b\u0107-niepe\u0142nosp.m\u0142odziezy-mity-i-stereotypy.pdf\">Seksualno\u015b\u0107 niepe\u0142nosp.m\u0142odziezy mity i stereotypy<\/a><\/li>\n<li><a href=\"prototo.pl\/wp-content\/uploads\/2012\/12\/seksualno\u015b\u0107-os.niepe\u0142nosprawnych1.ppt\">Seksualno\u015b\u0107 os.niepe\u0142nosprawnych(1)<\/a><\/li>\n<li><a href=\"prototo.pl\/wp-content\/uploads\/2012\/12\/seksuologia.terapia.ppt\">Seksuologia.terapia<\/a><\/li>\n<li><a href=\"prototo.pl\/wp-content\/uploads\/2012\/12\/ulotka-HIV-AIDS-o-co-kaman.pdf\">Ulotka HIV AIDS o co kaman<\/a><\/li>\n<li><a href=\"prototo.pl\/wp-content\/uploads\/2012\/12\/uzale\u017cnienia-a-zach.seksualne.pptx\">Uzale\u017cnienia a zach.seksualne<\/a><\/li>\n<li><a href=\"prototo.pl\/wp-content\/uploads\/2012\/12\/wdz.zagad_.seks_.1.ppt\">Wdz.zagad.seks.1<\/a><\/li>\n<li><a href=\"prototo.pl\/wp-content\/uploads\/2012\/12\/wd\u017c-sex.pptx\">Wd\u017c sex<\/a><\/li>\n<li><a href=\"prototo.pl\/wp-content\/uploads\/2012\/12\/wykorzystywanie-seksualne-dziecka-Sajkowska.pdf\">Wykorzystywanie seksualne dziecka Sajkowska<\/a><\/li>\n<li><a href=\"prototo.pl\/wp-content\/uploads\/2012\/12\/Aktywno\u015b\u0107-seksualna-i-ryzyko-z-ni\u0105-zwi\u0105zane.doc\">Aktywno\u015b\u0107 seksualna i ryzyko z ni\u0105 zwi\u0105zane<\/a><\/li>\n<li><a href=\"prototo.pl\/wp-content\/uploads\/2012\/12\/aseksualno\u015b\u0107.-4-orientacja-seksualna.pdf\">Aseksualno\u015b\u0107. 4 orientacja seksualna<\/a><\/li>\n<li><a href=\"prototo.pl\/wp-content\/uploads\/2012\/12\/dzieci-innego-Boga.doc\">Dzieci innego Boga<\/a><\/li>\n<li><a href=\"prototo.pl\/wp-content\/uploads\/2012\/12\/gdy-dziecko-m\u00f3wi-jestem-homo.doc\">Gdy dziecko m\u00f3wi jestem homo<\/a><\/li>\n<li><a href=\"prototo.pl\/wp-content\/uploads\/2012\/12\/Jak-kochaj\u0105-si\u0119-Polacy.-Izdebski.doc\">Jak kochaj\u0105 si\u0119 Polacy. Izdebski<\/a><\/li>\n<li><a href=\"prototo.pl\/wp-content\/uploads\/2012\/12\/masturbacja.czynnik-rozwojowy-czy-zachowanie-ryzykowne.ch\u0142opcy.pdf\">Masturbacja.czynnik rozwojowy czy zachowanie ryzykowne.ch\u0142opcy<\/a><\/li>\n<li><a href=\"prototo.pl\/wp-content\/uploads\/2012\/12\/nastoletni-Polacy-wobec-seksualno\u015bci.doc\">Nastoletni Polacy wobec seksualno\u015bci<\/a><\/li>\n<li><a href=\"prototo.pl\/wp-content\/uploads\/2012\/12\/normalni-aseksualni.doc\">Normalni aseksualni<\/a><\/li>\n<li><a href=\"prototo.pl\/wp-content\/uploads\/2012\/12\/p\u0142e\u0107-pomylono.doc\">P\u0142e\u0107 pomylono<\/a><\/li>\n<li><a href=\"prototo.pl\/wp-content\/uploads\/2012\/12\/pogl\u0105dy-nastolatk\u00f3w-nt.-prokreacji.pdf\">Pogl\u0105dy nastolatk\u00f3w nt. prokreacji<\/a><\/li>\n<li><a href=\"prototo.pl\/wp-content\/uploads\/2012\/12\/Polskie-seksolatki.Izdebski.doc\">Polskie seksolatki.Izdebski<\/a><\/li>\n<li><a href=\"prototo.pl\/wp-content\/uploads\/2012\/12\/Seks-Polak\u00f3w.Raport.Z.Izdebski.pdf\">Seks Polak\u00f3w.Raport.Z.Izdebski<\/a><\/li>\n<li><a href=\"prototo.pl\/wp-content\/uploads\/2012\/12\/seksolatki.doc\">Seksolatki<\/a><\/li>\n<li><a href=\"prototo.pl\/wp-content\/uploads\/2012\/12\/seksualno\u015b\u0107-kobiety-i-m\u0119\u017cczyzny.pptx\">Seksualno\u015b\u0107 kobiety i m\u0119\u017cczyzny<\/a><\/li>\n<li><a href=\"prototo.pl\/wp-content\/uploads\/2012\/12\/seksuologia.terapia1.ppt\">Seksuologia.terapia<\/a><\/li>\n<li><a href=\"prototo.pl\/wp-content\/uploads\/2012\/12\/Tato-jestem-homoseksualist\u0105.pdf\">Tato jestem homoseksualist\u0105<\/a><\/li>\n<li><a href=\"prototo.pl\/wp-content\/uploads\/2012\/12\/zesp\u00f3\u0142-dezaprobaty-p\u0142ciowej.doc\">Zesp\u00f3\u0142 dezaprobaty p\u0142ciowej<\/a><\/li>\n<\/ul>\n<p><strong>Materia\u0142y dodatkowe z zagadnie\u0144 seksuologicznych:<\/strong><\/p>\n<ul>\n<li><a href=\"prototo.pl\/wp-content\/uploads\/2012\/12\/seksuologiczne-I.doc\">Seksuologiczne I<\/a><\/li>\n<li><a href=\"prototo.pl\/wp-content\/uploads\/2012\/12\/seksuologiczne-II.doc\">Seksuologiczne II<\/a><\/li>\n<li><a href=\"prototo.pl\/wp-content\/uploads\/2012\/12\/seksuologiczne-III.pdf\">Seksuologiczne III<\/a><\/li>\n<li><a href=\"prototo.pl\/wp-content\/uploads\/2012\/12\/seksuologiczne-IV.pdf\">Seksuologiczne IV<\/a><\/li>\n<\/ul>\n<h3><strong>ZAGADNIENIA BIOMEDYCZNE<\/strong><\/h3>\n<ul>\n<li style=\"text-align: justify;\"><a href=\"prototo.pl\/wp-content\/uploads\/2012\/12\/Zagadnienia-biomedyczne_01.pdf\">Zagadnienia biomedyczne_01<\/a><\/li>\n<li style=\"text-align: justify;\"><a href=\"prototo.pl\/wp-content\/uploads\/2012\/12\/Zagadnienia-biomedyczne_02.pdf\">Zagadnienia biomedyczne_02<\/a><\/li>\n<li style=\"text-align: justify;\"><a href=\"prototo.pl\/wp-content\/uploads\/2012\/12\/Zagadnienia-biomedyczne_03.pdf\">Zagadnienia biomedyczne_03<\/a><\/li>\n<li style=\"text-align: justify;\"><a href=\"prototo.pl\/wp-content\/uploads\/2012\/12\/Zagadnienia-biomedyczne_04.pdf\">Zagadnienia biomedyczne_04<\/a><\/li>\n<li style=\"text-align: justify;\"><a href=\"prototo.pl\/wp-content\/uploads\/2012\/12\/cykl-miesi\u0105czkowy.pdf\">Cykl miesi\u0105czkowy<\/a><\/li>\n<li style=\"text-align: justify;\"><a href=\"prototo.pl\/wp-content\/uploads\/2012\/12\/wdz-literatura-1.doc\">Wdz literatura 1<\/a><\/li>\n<\/ul>\n<h3><strong>ZAGADNIENIA PSYCHOLOGICZNO &#8211; PEDAGOGICZNE<\/strong><\/h3>\n<ul>\n<li style=\"text-align: justify;\"><a href=\"prototo.pl\/wp-content\/uploads\/2012\/12\/PeronK_Zagadnienia-psych-ped_01.pdf\">PeronK_Zagadnienia psych-ped_01<\/a><\/li>\n<li style=\"text-align: justify;\"><a href=\"prototo.pl\/wp-content\/uploads\/2012\/12\/PeronK_Zagadnienia-psych-ped_02.pdf\">PeronK_Zagadnienia psych-ped_02<\/a><\/li>\n<li style=\"text-align: justify;\"><a href=\"prototo.pl\/wp-content\/uploads\/2012\/12\/PeronK_Zagadnienia-psych-ped_03.pdf\">PeronK_Zagadnienia psych-ped_03<\/a><\/li>\n<li style=\"text-align: justify;\"><a href=\"prototo.pl\/wp-content\/uploads\/2012\/12\/PeronK_Zagadnienia-psych-ped_03a_cechy_budujace_i_niszczace_milosc.doc\">PeronK_Zagadnienia psych-ped_03a_cechy_budujace_i_niszczace_milosc<\/a><\/li>\n<li style=\"text-align: justify;\"><a href=\"prototo.pl\/wp-content\/uploads\/2012\/12\/PeronK_Zagadnienia-psych-ped_03b_milosc_test.doc\">PeronK_Zagadnienia psych-ped_03b_milosc_test<\/a><\/li>\n<li style=\"text-align: justify;\"><a href=\"prototo.pl\/wp-content\/uploads\/2012\/12\/PeronK_Zagadnienia-psych-ped_03c_przyczyny_konfliktow.doc\">PeronK_Zagadnienia psych-ped_03c_przyczyny_konfliktow<\/a><\/li>\n<li style=\"text-align: justify;\"><a href=\"prototo.pl\/wp-content\/uploads\/2012\/12\/PeronK_Zagadnienia-psych-ped_03d_wazne_dla_wiezi_malzenskiej.doc\">PeronK_Zagadnienia psych-ped_03d_wazne_dla_wiezi_malzenskiej<\/a><\/li>\n<li style=\"text-align: justify;\"><a href=\"prototo.pl\/wp-content\/uploads\/2012\/12\/PeronK_Zagadnienia-psych-ped_04.pdf\">PeronK_Zagadnienia psych-ped_04<\/a><\/li>\n<li style=\"text-align: justify;\"><a href=\"prototo.pl\/wp-content\/uploads\/2012\/12\/PeronK_Zagadnienia-psych-ped_05.pdf\">PeronK_Zagadnienia psych-ped_05<\/a><\/li>\n<li style=\"text-align: justify;\"><a href=\"prototo.pl\/wp-content\/uploads\/2012\/12\/PeronK_Zagadnienia-psych-ped_06.ppt\">PeronK_Zagadnienia psych-ped_06<\/a><\/li>\n<\/ul>\n<p style=\"text-align: justify;\"><strong>INNE:<\/strong><\/p>\n<ul>\n<li style=\"text-align: justify;\"><a href=\"prototo.pl\/kurs_wdzr\/podrecznik_bez_paragrafow\/\" rel=\"attachment wp-att-6365\">Podrecznik_bez_paragrafow<\/a><\/li>\n<\/ul>\n<p>[\/fusion_text][\/fusion_builder_column][\/fusion_builder_row][\/fusion_builder_container]<\/p>\n","protected":false},"excerpt":{"rendered":"<p>[fusion_builder_container hundred_percent=&#8221;no&#8221; equal_height_columns=&#8221;no&#8221; menu_anchor=&#8221;&#8221; hide_on_mobile=&#8221;small-visibility,medium-visibility,large-visibility&#8221; class=&#8221;&#8221; id=&#8221;&#8221; background_color=&#8221;&#8221; background_image=&#8221;&#8221; background_position=&#8221;center center&#8221; background_repeat=&#8221;no-repeat&#8221; fade=&#8221;no&#8221; background_parallax=&#8221;none&#8221; parallax_speed=&#8221;0.3&#8243; video_mp4=&#8221;&#8221; video_webm=&#8221;&#8221; video_ogv=&#8221;&#8221; video_url=&#8221;&#8221; video_aspect_ratio=&#8221;16:9&#8243; video_loop=&#8221;yes&#8221; video_mute=&#8221;yes&#8221; overlay_color=&#8221;&#8221; video_preview_image=&#8221;&#8221; border_size=&#8221;&#8221; border_color=&#8221;&#8221; border_style=&#8221;solid&#8221; padding_top=&#8221;&#8221; padding_bottom=&#8221;&#8221; padding_left=&#8221;&#8221; padding_right=&#8221;&#8221;][fusion_builder_row][fusion_builder_column type=&#8221;1_1&#8243; layout=&#8221;1_1&#8243; background_position=&#8221;left top&#8221; background_color=&#8221;&#8221; border_size=&#8221;&#8221; border_color=&#8221;&#8221; border_style=&#8221;solid&#8221; border_position=&#8221;all&#8221; spacing=&#8221;yes&#8221; background_image=&#8221;&#8221; background_repeat=&#8221;no-repeat&#8221; padding_top=&#8221;&#8221; padding_right=&#8221;&#8221; padding_bottom=&#8221;&#8221; padding_left=&#8221;&#8221; margin_top=&#8221;0px&#8221; margin_bottom=&#8221;0px&#8221; class=&#8221;&#8221; id=&#8221;&#8221; animation_type=&#8221;&#8221; animation_speed=&#8221;0.3&#8243; animation_direction=&#8221;left&#8221; hide_on_mobile=&#8221;small-visibility,medium-visibility,large-visibility&#8221; [&hellip;]<\/p>\n","protected":false},"author":24,"featured_media":0,"parent":0,"menu_order":0,"comment_status":"closed","ping_status":"closed","template":"","meta":{"footnotes":""},"class_list":["post-3743","page","type-page","status-publish","hentry"],"aioseo_notices":[],"_links":{"self":[{"href":"https:\/\/prototo.pl\/index.php?rest_route=\/wp\/v2\/pages\/3743","targetHints":{"allow":["GET"]}}],"collection":[{"href":"https:\/\/prototo.pl\/index.php?rest_route=\/wp\/v2\/pages"}],"about":[{"href":"https:\/\/prototo.pl\/index.php?rest_route=\/wp\/v2\/types\/page"}],"author":[{"embeddable":true,"href":"https:\/\/prototo.pl\/index.php?rest_route=\/wp\/v2\/users\/24"}],"replies":[{"embeddable":true,"href":"https:\/\/prototo.pl\/index.php?rest_route=%2Fwp%2Fv2%2Fcomments&post=3743"}],"version-history":[{"count":3,"href":"https:\/\/prototo.pl\/index.php?rest_route=\/wp\/v2\/pages\/3743\/revisions"}],"predecessor-version":[{"id":12471,"href":"https:\/\/prototo.pl\/index.php?rest_route=\/wp\/v2\/pages\/3743\/revisions\/12471"}],"wp:attachment":[{"href":"https:\/\/prototo.pl\/index.php?rest_route=%2Fwp%2Fv2%2Fmedia&parent=3743"}],"curies":[{"name":"wp","href":"https:\/\/api.w.org\/{rel}","templated":true}]}}